.
-7
Let d(p) = -p - 1. Let j be (-14)/42 - (-26)/6. Suppose -v - 4*a = a - 4, 34 = -j*v + 5*a. What is d(v)?
5
Let r(c) be the third derivative of c**6/120 + c**5/10 - c**4/24 - c**3/3 - 25*c**2. Give r(-6).
4
Let r(s) = -3*s**2 - s**2 - 7*s + 3*s**2 - 3. Let j be r(-7). Let g(p) = p**3 + 3*p**2 - 2*p - 4. Determine g(j).
2
Suppose -1 = -4*f + 3. Suppose -5*r + 3*l = 7*l - 17, 7 = r - l. Let p(o) = -5 + r + o. Determine p(f).
1
Let n(b) = -b**3 + 3*b**2 - b + 4. Let k(o) = 3*o - 1. Let y = 3 - -4. Let j be k(y). Let f be 2/((j/6)/5). Calculate n(f).
1
Let d be 11 - 12 - 8/(-6). Let b(h) be the first derivative of 1 - d*h**3 - 2*h**2 + 2*h. Calculate b(-5).
-3
Let p be (-2)/4 + (-14)/(-4). Let k(z) = z**2 + 5*z - z**3 - 4*z - p + 0*z**3 + 2. Give k(0).
-1
Let k(w) be the second derivative of -w**7/2520 + w**6/240 + w**5/60 + w**4/12 - w. Let p(f) be the third derivative of k(f). Calculate p(2).
4
Let r(s) = -s**2 + 6*s + 3. Let q be r(6). Let z(x) = -x**3 + 2*x**2 + 2*x + 2. Give z(q).
-1
Let j = 16 + -10. Let l(f) = 8*f + 3*f**3 - j - 5*f**3 - 10*f**2 + 3*f**2 + 3*f**3. Calculate l(6).
6
Let y(w) = -3*w - 8*w + 2*w. What is y(1)?
-9
Let u(o) = -o**3 + 6*o**2 + 3*o - 8. Let p be u(6). Let n(b) = -b - 6*b + p*b + 5. Determine n(-5).
-10
Suppose 2*g - 2 = 4*g. Let d(a) be the first derivative of 0*a - 2 - 5/2*a**2. Give d(g).
5
Suppose -2*j - h + 9 = 3*j, -3*j - 5*h = -1. Let u(r) = j - r - 1 + 1 + 0. Calculate u(0).
2
Let z(o) be the second derivative of -o**4/12 + 7*o**3/6 + 13*o**2/2 - o - 1. Determine z(9).
-5
Let b(f) = 2*f + 3. Let m(g) = g + 1. Let i(y) = 6*b(y) - 17*m(y). Let x = -4 + 6. Let u = x - 1. Give i(u).
-4
Suppose 6*m - 2*m - 4 = 0. Suppose x - m = 2*x. Let g be ((-15)/(-20))/(x/4). Let y(j) = j**2 + 4*j + 4. Give y(g).
1
Let p(f) be the first derivative of f**3/3 + 3*f**2 - 4*f + 5. Let z be (0 - -2)/(2/(-7)). Calculate p(z).
3
Let m be 27/6 - 1/(-2). Let j(x) be the first derivative of x**4/4 - 2*x**3 + 7*x**2/2 - x - 20. Give j(m).
9
Let v = -24 + 18. Let r(u) be the first derivative of -u**4/4 - 2*u**3 + 2*u + 2. Give r(v).
2
Let i(p) = -2*p - 3. Suppose 18 = 3*d - 0*d. Let x be d*(-2 + 10/6). Calculate i(x).
1
Let f = -1 - -5. Let q(a) = -4*a + a**3 + f*a**2 - 2*a**3 - 9*a**2. Determine q(-4).
0
Let p(x) = -x + 0 - 9 + x**2 - 6*x. Give p(7).
-9
Suppose 0 = -4*o + 4 + 20. Let n be o/(-4)*(1 - -1). Let i(z) = 3*z + 7. Let c(p) = 10*p + 22. Let d(v) = -5*c(v) + 16*i(v). Give d(n).
8
Let y(v) = -1 - 2*v - 6*v**2 + 0 + 4*v**2 - 10*v**3 + 11*v**3. What is y(3)?
2
Let l be (3/(-2))/(36/(-24)). Let n(y) = 3*y**2 - y + 2. Let k(a) = 11*a**2 - 5*a + 9. Let r = 5 + -3. Let c(g) = r*k(g) - 9*n(g). Give c(l).
-6
Let f(c) = -c**2 + 8*c - 1. Let k(n) = n**2 - 9*n + 2. Let r(q) = -6*f(q) - 5*k(q). Let z(x) be the first derivative of r(x). Give z(5).
7
Let g(s) = s - 2. Let m be g(0). Let h(u) = 3*u**3 + u**2 + 5*u - 2. Let z(x) = 4*x**3 + 6*x - 3. Let p(c) = -3*h(c) + 2*z(c). What is p(m)?
2
Let l be (-6)/(-2)*(-4)/(-6). Let u(x) = -3 - 3*x + l*x + 2*x. Calculate u(-4).
-7
Let i(r) = -2*r - 15. Let t(c) = -c - 8. Suppose 37 = -3*o - s, 3*o + 9 = 5*s - 4. Let k(q) = o*t(q) + 6*i(q). Calculate k(-2).
0
Let g(p) = p**3 + 17*p**2 - p - 15. Let m be g(-17). Suppose -5*n = m*n + 35. Let k(a) be the first derivative of -a**3/3 - 3*a**2 - 3*a + 1. Determine k(n).
2
Let o be 4/4 + -1 - 2. Let m(n) = -3*n**3 + 5*n**3 + 2*n**2 - n - 2 - 2*n. Give m(o).
-4
Let v(y) = -y**2 - 8*y + 9. Let g(x) = 2*x - 39. Let a be g(15). What is v(a)?
0
Let z(i) = 2*i + 2. Let j(f) = -3*f**2 + f**3 + 1 - 2*f**2 - 2*f**3. Let a be j(-5). Suppose a = -2*l + 5*x, -3*l - x + 6 = -1. Determine z(l).
6
Let u(b) = b**3 - b + 1. Let k(p) = p**3 + 2*p**2 - 5*p + 2. Let q(o) = -k(o) + 2*u(o). What is q(2)?
6
Let y(l) = 8*l - 1. Suppose 4*d - 15 = -11. Determine y(d).
7
Let l(d) = 3*d - 3 + 5 + 12*d - 3. Let y(f) = -f + 10. Let q be y(9). Calculate l(q).
14
Let c(q) = -q**3 - 2*q**2. Let f(o) = o**2 + 6*o - 2. Let d be f(-7). Suppose -4*u - d = 3. Give c(u).
0
Suppose -6 = -5*c + 4. Let r be (c/4)/((-1)/4). Let a(p) = 3*p + 1. Determine a(r).
-5
Let n(d) be the first derivative of -d**3/3 + 3*d**2 - 7*d - 6. Determine n(5).
-2
Suppose 3*z + 0*z = 6. Let g = 0 + z. Let n(w) = w**3 - 2*w**2 + 2*w - 1. Let k be n(g). Let a(h) = -2*h + 4. Calculate a(k).
-2
Suppose -2*a + 14 = 5*w, -3*a + 7 + 7 = 4*w. Let s(u) be the first derivative of u - 1/2*u**a - 2. Give s(-5).
6
Let v(b) = -6*b**2 + b + 1. Let m be (1 + 0)*(-14)/14. Determine v(m).
-6
Let i = 15 + -14. Suppose -3*o + 5*l - 21 = -o, -2*o - 4*l = -24. Let c(n) = -110*n - 45. Let t(a) = -5*a - 2. Let y(u) = o*c(u) - 45*t(u). What is y(i)?
5
Let a(j) = -3*j**3 - 4*j**2 - j + 6. Let c(v) = -13*v**3 - 15*v**2 - 4*v + 25. Let b(g) = -9*a(g) + 2*c(g). Give b(-6).
-10
Let i(a) = a**2 - 2*a. Let b(x) = -x**2 + x - 1. Let v = 7 - 5. Let y(t) = 3*t**2 - 2*t. Let c(r) = v*b(r) + y(r). Let g be c(2). What is i(g)?
0
Let h = 28 - 24. Let q(b) = -9*b**3 + 15*b**2 - 7*b + 8. Let u(n) = -5*n**3 + 8*n**2 - 4*n + 4. Let t(f) = h*q(f) - 7*u(f). Give t(4).
4
Let j(h) = -h**3 + 9*h**2 - h + 7. Let p(s) = -3*s**3 + 26*s**2 - 3*s + 20. Let o(i) = -17*j(i) + 6*p(i). Suppose 0 = t - 18 + 16. What is o(t)?
3
Let c(s) = s. Let j be c(3). Let i(g) = 2*g**2 + 7*g**3 - 4*g + 3*g**2 - 8*g**3. Determine i(j).
6
Let x(i) be the first derivative of i**3/3 - 5*i**2/2 + 5*i + 2. Let z(y) = -y**3 - 10*y**2 + 2. Let m be z(-10). Let f be (-5 + 3)*-1*m. What is x(f)?
1
Let w(p) be the third derivative of -p**4/24 + p**3/3 + p**2. What is w(7)?
-5
Suppose 9 = 4*t - 7. Let a(v) = -2 + v - 3*v + 4. Calculate a(t).
-6
Let i(s) = 16*s**3 + 2*s + 1. Suppose 0 = -2*p - 0 - 2. Give i(p).
-17
Let c(h) = h**2 - 6*h - 7. Let o = -17 + 22. What is c(o)?
-12
Let x(o) = o**3 - 2*o**2 - 1. Let c be x(3). Suppose -2*v = u + 4*u - c, 4*v + 10 = 3*u. Let j(t) = 0*t**2 - 4*t**2 + t**u. Determine j(-1).
-3
Let x(l) = 4*l. Suppose 15 = 2*j - 0*j + 3*y, 4*j = 2*y + 6. What is x(j)?
12
Let t(x) = 8*x. Let s(f) = -f - 6. Let a be s(-7). Give t(a).
8
Let j be (2 + -2)/(6/(-3)). Let f(t) = t**2. Let y(a) = 4*a + 0*a**2 - 3*a + 5*a**2 + 2. Let x(r) = 4*f(r) - y(r). Determine x(j).
-2
Let x(v) = v**2 + 7*v - 6. Let f be x(-8). Let a(m) = -4 + 0 + 3*m + 0 - 4*m**f + m**3. Let w = 0 + 3. Determine a(w).
-4
Suppose -3*m + m - 35 = -3*o, -2*o + 19 = 3*m. Let r = -8 + o. Let d(k) = -2*k - 4 + 0 + 1. Calculate d(r).
-9
Let i(u) = 1 - 4 + 2 + 3*u + 2*u**2 - 5*u. Give i(3).
11
Let f(z) = 2*z**2 - 9*z + 21. Let n(q) = -q**2 + 4*q - 11. Let a(s) = -3*f(s) - 5*n(s). Let v = -8 + 14. Give a(v).
-2
Let v(a) be the first derivative of -a**2/2 + 2*a + 3. Let q(n) = n**3 + 3*n**2 - 3*n + 3. Let d be q(-3). Let l be (15/d)/(2/(-8)). Give v(l).
7
Let p be (1 - 0)*5*1. Let j be p + -1*3 + 2. Let g(l) = -l**2 + 10*l + 2. Let h(r) = -r. Let s(d) = g(d) + 4*h(d). Determine s(j).
10
Let y(v) = 2*v**2 - v - 1. Let d(c) = -5*c**2 + 8*c + 1. Let q(f) = d(f) + 3*y(f). Calculate q(-4).
-6
Let c(u) = -3*u - 3. Let q(f) = -f**3 - 5*f**2 + f + 4. Let o be q(-5). Let n be (-1)/(o + (-12)/(-9)). What is c(n)?
6
Let i(w) = -2*w**2 + 16*w. Let y(l) = -l**2 + 14*l. Let d(s) = -2*i(s) + 3*y(s). Give d(-10).
0
Let x be (-4)/(-14) - (-36)/21. Let i(t) = 1 - 4*t**x - 3*t**3 + t**2 + 5*t - 3*t + 5*t**2. Calculate i(-1).
4
Let v(y) be the second derivative of -y**3/3 + 2*y**2 - y + 2. What is v(5)?
-6
Let o(v) = 2 + 3*v + 2*v - 3*v. Let c(f) = f**2. Let d(q) = -c(q) + o(q). Calculate d(4).
-6
Let m(j) = 1. Let w(q) = -q - 1. Let d(s) = -4*m(s) + w(s). Determine d(-8).
3
Let n(s) be the third derivative of s**4/24 - s**3/6 + 2*s**2. Let p(g) = -g + 1. Let v be p(3). Let m = 8 + v. Calculate n(m).
5
Let o(n) = 6*n**2 - 9*n + 4. Let a(x) = -7*x**2 + 9*x - 4. Let c(u) = 5*a(u) + 6*o(u). Give c(7).
-10
Let z = -221 + 222. Let q(x) = -3*x**2 + 10*x**2 + x**2. Determine q(z).
8
Let v = -3 + 7. Suppose 4*t = 4 + v. Let g(n) = 3 + n - t + 3. Give g(-3).
1
Let l(g) = -5*g - g - 3*g + 2*g - 4. Determine l(3).
-25
Suppose 5*k - 140 = -5*c, 0*k + 140 = 5*k - 4*c. Let n be 4/k - 12/(-14). Let g be n*3*(-1)/(-3). Let i(d) = -4*d. Determine i(g).
-4
Let v(n) = n**2 + 6*n + 5. Let s(z) = z**2 + z + 1. Let a(q) = q**2 + 7*q - 9. Let l be a(-8). Let